{"id":672,"date":"2015-01-12T15:07:16","date_gmt":"2015-01-12T21:07:16","guid":{"rendered":"http:\/\/victorzamarripa.com\/sitio\/?page_id=672"},"modified":"2015-01-19T21:27:07","modified_gmt":"2015-01-20T03:27:07","slug":"tauromaquia","status":"publish","type":"page","link":"http:\/\/victorzamarripa.com\/sitio\/tauromaquia\/","title":{"rendered":"Tauromaquia"},"content":{"rendered":"<link href=\"http:\/\/victorzamarripa.com\/sitio\/wp-content\/themes\/keres\/font-awesome\/font-awesome.min.css\" rel=\"stylesheet\">\n<div id='fwdu3dcarDiv0'><\/div><script type='text\/javascript'>\r\n\t\t\tFWDU3DCarUtils.checkIfHasTransforms();\r\n\t\t\t\r\n\t\t\twindow.fwdu3dcar0 = new FWDUltimate3DCarousel(\r\n\t\t\t{carouselHolderDivId:'fwdu3dcarDiv0',\r\n\t\t\t\tcarouselDataListDivId:'fwdu3dcarPlaylist1',displayType:'fluidwidth',\r\n\t\t\t\tautoScale:'yes',\r\n\t\t\t\tcarouselWidth:940,\r\n\t\t\t\tcarouselHeight:538,\r\n\t\t\t\tskinPath:'http:\/\/victorzamarripa.com\/sitio\/wp-content\/plugins\/fwdu3dcar\/load\/skin_modern_silver',\r\n\t\t\t\tbackgroundColor:'transparent',\r\n\t\t\t\tbackgroundImagePath:'',\r\n\t\t\t\tthumbnailsBackgroundImagePath:'',\r\n\t\t\t\tscrollbarBackgroundImagePath:'',\r\n\t\t\t\tbackgroundRepeat:'repeat-x',\r\n\t\t\t\tcarouselTopology:'normal',\r\n\t\t\t\tcarouselXRadius:600,\r\n\t\t\t\tcarouselYRadius:0,\r\n\t\t\t\tcarouselXRotation:10,\r\n\t\t\t\tcarouselYOffset:0,\r\n\t\t\t\tshowCenterImage:'no',\r\n\t\t\t\tcenterImagePath:'',\r\n\t\t\t\tcenterImageYOffset:0,\r\n\t\t\t\tshowDisplay2DAlways:'no',\r\n\t\t\t\tcarouselStartPosition:'left',\r\n\t\t\t\tautoplay:'no',\r\n\t\t\t\tslideshowDelay:10,\r\n\t\t\t\trightClickContextMenu:'developer',\r\n\t\t\t\taddKeyboardSupport:'yes', \r\n\t\t\t\tfluidWidthZIndex:1000,thumbnailWidth:182,\r\n\t\t\t\tthumbnailHeight:300,\r\n\t\t\t\tthumbnailBorderSize:0,\r\n\t\t\t\tthumbnailMinimumAlpha:0.3,\t\t\r\n\t\t\t\tthumbnailBackgroundColor:'transparent',\r\n\t\t\t\tthumbnailBorderColor1:'transparent',\r\n\t\t\t\tthumbnailBorderColor2:'transparent',\r\n\t\t\t\ttransparentImages:'no',\r\n\t\t\t\tmaxNumberOfThumbnailsOnMobile:5,\r\n\t\t\t\tshowThumbnailsGradient:'yes',\r\n\t\t\t\tshowThumbnailsHtmlContent:'no',\r\n\t\t\t\tshowText:'yes',\r\n\t\t\t\ttextBackgroundColor:'#000000',\r\n\t\t\t\ttextBackgroundOpacity:1,\r\n\t\t\t\tshowTextBackgroundImage:'yes',\r\n\t\t\t\tshowFullTextWithoutHover:'yes',\r\n\t\t\t\tshowThumbnailBoxShadow:'yes',\r\n\t\t\t\tthumbnailBoxShadowCss:'0px 2px 2px #555555',\r\n\t\t\t\tshowReflection:'yes',\r\n\t\t\t\treflectionHeight:60,\r\n\t\t\t\treflectionDistance:0,\r\n\t\t\t\treflectionOpacity:0.5,controlsMaxWidth:940,\r\n\t\t\t\tcontrolsHeight:10,\r\n\t\t\t\tcontrolsPosition:'bottom',\r\n\t\t\t\tshowPrevButton:'yes',\r\n\t\t\t\tshowNextButton:'yes',\r\n\t\t\t\tdisableNextAndPrevButtonsOnMobile:'yes',\r\n\t\t\t\tshowSlideshowButton:'yes',\r\n\t\t\t\tslideshowTimerColor:'#000000',\r\n\t\t\t\tshowScrollbar:'yes',\r\n\t\t\t\tscrollbarHandlerWidth:300,\r\n\t\t\t\tscrollbarTextColorNormal:'#ffffff',\r\n\t\t\t\tscrollbarTextColorSelected:'#ffffff',\r\n\t\t\t\tdisableScrollbarOnMobile:'yes',\r\n\t\t\t\tenableMouseWheelScroll:'yes',showComboBox:'no',\r\n\t\t\t\tstartAtCategory:1,\r\n\t\t\t\tselectLabel:'SELECT CATEGORIES',\r\n\t\t\t\tallCategoriesLabel:'All Categories',\r\n\t\t\t\tshowAllCategories:'no',\r\n\t\t\t\tcomboBoxPosition:'topright',\r\n\t\t\t\tselectorBackgroundNormalColor1:'#000000',\r\n\t\t\t\tselectorBackgroundNormalColor2:'#000000',\r\n\t\t\t\tselectorBackgroundSelectedColor1:'#000000',\r\n\t\t\t\tselectorBackgroundSelectedColor2:'#000000',\r\n\t\t\t\tselectorTextNormalColor:'#ffffff',\r\n\t\t\t\tselectorTextSelectedColor:'#ffffff',\r\n\t\t\t\tbuttonBackgroundNormalColor1:'#000000',\r\n\t\t\t\tbuttonBackgroundNormalColor2:'#000000',\r\n\t\t\t\tbuttonBackgroundSelectedColor1:'#000000',\r\n\t\t\t\tbuttonBackgroundSelectedColor2:'#000000',\r\n\t\t\t\tbuttonTextNormalColor:'#ffffff',\r\n\t\t\t\tbuttonTextSelectedColor:'#ffffff',\r\n\t\t\t\tcomboBoxShadowColor:'#000000',\r\n\t\t\t\tcomboBoxHorizontalMargins:12,\r\n\t\t\t\tcomboBoxVerticalMargins:12,\r\n\t\t\t\tcomboBoxCornerRadius:0,addLightBoxKeyboardSupport:'yes',\r\n\t\t\t\tshowLightBoxNextAndPrevButtons:'yes',\r\n\t\t\t\tshowLightBoxZoomButton:'yes',\r\n\t\t\t\tshowLightBoxInfoButton:'no',\r\n\t\t\t\tshowLightBoxSlideShowButton:'no',\r\n\t\t\t\tshowLightBoxInfoWindowByDefault:'no',\r\n\t\t\t\tslideShowAutoPlay:'no',\r\n\t\t\t\tlightBoxVideoAutoPlay:'no',\r\n\t\t\t\tlightBoxVideoWidth:640,\r\n\t\t\t\tlightBoxVideoHeight:480,\r\n\t\t\t\tlightBoxIframeWidth:800,\r\n\t\t\t\tlightBoxIframeHeight:600,\r\n\t\t\t\tlightBoxBackgroundColor:'#000000',\r\n\t\t\t\tlightBoxInfoWindowBackgroundColor:'#ffffff',\r\n\t\t\t\tlightBoxItemBorderColor1:'#fcfdfd',\r\n\t\t\t\tlightBoxItemBorderColor2:'#e4e4e4',\r\n\t\t\t\tlightBoxItemBackgroundColor:'#333333',\r\n\t\t\t\tlightBoxMainBackgroundOpacity:0.8,\r\n\t\t\t\tlightBoxInfoWindowBackgroundOpacity:0.9,\r\n\t\t\t\tlightBoxBorderSize:5,\r\n\t\t\t\tlightBoxBorderRadius:0,\r\n\t\t\t\tlightBoxSlideShowDelay:4000\r\n\t\t\t});\r\n\t\t<\/script><ul id='fwdu3dcarPlaylist1' style='display: none;'><ul data-cat='Tauromaquia'><ul>\r\n\t\t\t\t\t\t<li data-type='media' data-url='http:\/\/victorzamarripa.com\/sitio\/wp-content\/uploads\/2015\/02\/Tauromaquia_5-800.png' data-target='_blank'><\/li>\r\n\t\t\t\t\t\t<li data-thumbnail-path='http:\/\/victorzamarripa.com\/sitio\/wp-content\/uploads\/2015\/01\/Tauromaquia_5-300.png'><\/li>\r\n\t\t\t\t\t\t<li data-thumbnail-text='' data-thumbnail-text-title-offset='35' data-thumbnail-text-offset-top='10' data-thumbnail-text-offset-bottom='7'><p style='text-align:center;font-size:12px !important;background:#000'>T\u00edtulo: Aguantando la reuni\u00f3n<\/p>\r\n\t\t\t\t\t\t<\/li>\r\n\t\t\t\t\t\t<li data-info=''>\r\n\t\t\t\t\t\t<\/li>\r\n\t\t\t\t\t<\/ul><ul>\r\n\t\t\t\t\t\t<li data-type='media' data-url='http:\/\/victorzamarripa.com\/sitio\/wp-content\/uploads\/2015\/02\/Personajes_2-800.png' data-target='_blank'><\/li>\r\n\t\t\t\t\t\t<li data-thumbnail-path='http:\/\/victorzamarripa.com\/sitio\/wp-content\/uploads\/2015\/01\/Personajes_2-300.png'><\/li>\r\n\t\t\t\t\t\t<li data-thumbnail-text='' data-thumbnail-text-title-offset='35' data-thumbnail-text-offset-top='10' data-thumbnail-text-offset-bottom='7'><p style='text-align:center;font-size:12px !important;background:#000'>T\u00edtulo: Ah\u00ed est\u00e1 el detalle<\/p>\r\n\t\t\t\t\t\t<\/li>\r\n\t\t\t\t\t\t<li data-info=''>\r\n\t\t\t\t\t\t<\/li>\r\n\t\t\t\t\t<\/ul><ul>\r\n\t\t\t\t\t\t<li data-type='media' data-url='http:\/\/victorzamarripa.com\/sitio\/wp-content\/uploads\/2015\/02\/Tauromaquia_6-800.png' data-target='_blank'><\/li>\r\n\t\t\t\t\t\t<li data-thumbnail-path='http:\/\/victorzamarripa.com\/sitio\/wp-content\/uploads\/2015\/01\/Tauromaquia_6-300.png'><\/li>\r\n\t\t\t\t\t\t<li data-thumbnail-text='' data-thumbnail-text-title-offset='35' data-thumbnail-text-offset-top='10' data-thumbnail-text-offset-bottom='7'><p style='text-align:center;font-size:12px !important;background:#000'>T\u00edtulo: La reuni\u00f3n<\/p>\r\n\t\t\t\t\t\t<\/li>\r\n\t\t\t\t\t\t<li data-info=''>\r\n\t\t\t\t\t\t<\/li>\r\n\t\t\t\t\t<\/ul><ul>\r\n\t\t\t\t\t\t<li data-type='media' data-url='http:\/\/victorzamarripa.com\/sitio\/wp-content\/uploads\/2015\/02\/Tauromaquia_12-800.png' data-target='_blank'><\/li>\r\n\t\t\t\t\t\t<li data-thumbnail-path='http:\/\/victorzamarripa.com\/sitio\/wp-content\/uploads\/2015\/01\/Tauromaquia_12-300.png'><\/li>\r\n\t\t\t\t\t\t<li data-thumbnail-text='' data-thumbnail-text-title-offset='35' data-thumbnail-text-offset-top='10' data-thumbnail-text-offset-bottom='7'><p style='text-align:center;font-size:12px !important;background:#000'>T\u00edtulo: El ayer y el ahora<\/p>\r\n\t\t\t\t\t\t<\/li>\r\n\t\t\t\t\t\t<li data-info=''>\r\n\t\t\t\t\t\t<\/li>\r\n\t\t\t\t\t<\/ul><ul>\r\n\t\t\t\t\t\t<li data-type='media' data-url='http:\/\/victorzamarripa.com\/sitio\/wp-content\/uploads\/2015\/02\/Tauromaquia_11-800.png' data-target='_blank'><\/li>\r\n\t\t\t\t\t\t<li data-thumbnail-path='http:\/\/victorzamarripa.com\/sitio\/wp-content\/uploads\/2015\/01\/Tauromaquia_11-300.png'><\/li>\r\n\t\t\t\t\t\t<li data-thumbnail-text='' data-thumbnail-text-title-offset='35' data-thumbnail-text-offset-top='10' data-thumbnail-text-offset-bottom='7'><p style='text-align:center;font-size:12px !important;background:#000'>T\u00edtulo: Derechazo<\/p>\r\n\t\t\t\t\t\t<\/li>\r\n\t\t\t\t\t\t<li data-info=''>\r\n\t\t\t\t\t\t<\/li>\r\n\t\t\t\t\t<\/ul><ul>\r\n\t\t\t\t\t\t<li data-type='media' data-url='http:\/\/victorzamarripa.com\/sitio\/wp-content\/uploads\/2015\/02\/Tauromaquia_1-800.png' data-target='_blank'><\/li>\r\n\t\t\t\t\t\t<li data-thumbnail-path='http:\/\/victorzamarripa.com\/sitio\/wp-content\/uploads\/2015\/01\/Tauromaquia_1-300.png'><\/li>\r\n\t\t\t\t\t\t<li data-thumbnail-text='' data-thumbnail-text-title-offset='35' data-thumbnail-text-offset-top='10' data-thumbnail-text-offset-bottom='7'><p style='text-align:center;font-size:12px !important;background:#000'>T\u00edtulo: Eloy<\/p>\r\n\t\t\t\t\t\t<\/li>\r\n\t\t\t\t\t\t<li data-info=''>\r\n\t\t\t\t\t\t<\/li>\r\n\t\t\t\t\t<\/ul><ul>\r\n\t\t\t\t\t\t<li data-type='media' data-url='http:\/\/victorzamarripa.com\/sitio\/wp-content\/uploads\/2015\/01\/Historiayfolklore_13-800.png' data-target='_blank'><\/li>\r\n\t\t\t\t\t\t<li data-thumbnail-path='http:\/\/victorzamarripa.com\/sitio\/wp-content\/uploads\/2015\/01\/Historiayfolklore_13-300.png'><\/li>\r\n\t\t\t\t\t\t<li data-thumbnail-text='' data-thumbnail-text-title-offset='35' data-thumbnail-text-offset-top='10' data-thumbnail-text-offset-bottom='7'><p style='text-align:center;font-size:12px !important;background:#000'>T\u00edtulo: Campo bravo II<\/p>\r\n\t\t\t\t\t\t<\/li>\r\n\t\t\t\t\t\t<li data-info=''>\r\n\t\t\t\t\t\t<\/li>\r\n\t\t\t\t\t<\/ul><ul>\r\n\t\t\t\t\t\t<li data-type='media' data-url='http:\/\/victorzamarripa.com\/sitio\/wp-content\/uploads\/2015\/01\/Historiayfolklore_16-800.png' data-target='_blank'><\/li>\r\n\t\t\t\t\t\t<li data-thumbnail-path='http:\/\/victorzamarripa.com\/sitio\/wp-content\/uploads\/2015\/01\/Historiayfolklore_16-300.png'><\/li>\r\n\t\t\t\t\t\t<li data-thumbnail-text='' data-thumbnail-text-title-offset='35' data-thumbnail-text-offset-top='10' data-thumbnail-text-offset-bottom='7'><p style='text-align:center;font-size:12px !important;background:#000'>T\u00edtulo: Campo bravo III<\/p>\r\n\t\t\t\t\t\t<\/li>\r\n\t\t\t\t\t\t<li data-info=''>\r\n\t\t\t\t\t\t<\/li>\r\n\t\t\t\t\t<\/ul><ul>\r\n\t\t\t\t\t\t<li data-type='media' data-url='http:\/\/victorzamarripa.com\/sitio\/wp-content\/uploads\/2015\/01\/Historiayfolklore_18-800.png' data-target='_blank'><\/li>\r\n\t\t\t\t\t\t<li data-thumbnail-path='http:\/\/victorzamarripa.com\/sitio\/wp-content\/uploads\/2015\/01\/Historiayfolklore_18-300.png'><\/li>\r\n\t\t\t\t\t\t<li data-thumbnail-text='' data-thumbnail-text-title-offset='35' data-thumbnail-text-offset-top='10' data-thumbnail-text-offset-bottom='7'><p style='text-align:center;font-size:12px !important;background:#000'>T\u00edtulo: Campo bravo IV<\/p>\r\n\t\t\t\t\t\t<\/li>\r\n\t\t\t\t\t\t<li data-info=''>\r\n\t\t\t\t\t\t<\/li>\r\n\t\t\t\t\t<\/ul><ul>\r\n\t\t\t\t\t\t<li data-type='media' data-url='http:\/\/victorzamarripa.com\/sitio\/wp-content\/uploads\/2015\/01\/MexicoEspana_15-800.png' data-target='_blank'><\/li>\r\n\t\t\t\t\t\t<li data-thumbnail-path='http:\/\/victorzamarripa.com\/sitio\/wp-content\/uploads\/2015\/01\/MexicoEspana_15-300.png'><\/li>\r\n\t\t\t\t\t\t<li data-thumbnail-text='' data-thumbnail-text-title-offset='35' data-thumbnail-text-offset-top='10' data-thumbnail-text-offset-bottom='7'><p style='text-align:center;font-size:12px !important;background:#000'>T\u00edtulo: M\u00e9xico Espa\u00f1a<\/p>\r\n\t\t\t\t\t\t<\/li>\r\n\t\t\t\t\t\t<li data-info=''>\r\n\t\t\t\t\t\t<\/li>\r\n\t\t\t\t\t<\/ul><ul>\r\n\t\t\t\t\t\t<li data-type='media' data-url='http:\/\/victorzamarripa.com\/sitio\/wp-content\/uploads\/2015\/01\/Historiayfolklore_8-800.png' data-target='_blank'><\/li>\r\n\t\t\t\t\t\t<li data-thumbnail-path='http:\/\/victorzamarripa.com\/sitio\/wp-content\/uploads\/2015\/01\/Historiayfolklore_8-300.png'><\/li>\r\n\t\t\t\t\t\t<li data-thumbnail-text='' data-thumbnail-text-title-offset='35' data-thumbnail-text-offset-top='10' data-thumbnail-text-offset-bottom='7'><p style='text-align:center;font-size:12px !important;background:#000'>T\u00edtulo: Campo bravo I<\/p>\r\n\t\t\t\t\t\t<\/li>\r\n\t\t\t\t\t\t<li data-info=''>\r\n\t\t\t\t\t\t<\/li>\r\n\t\t\t\t\t<\/ul><ul>\r\n\t\t\t\t\t\t<li data-type='media' data-url='http:\/\/victorzamarripa.com\/sitio\/wp-content\/uploads\/2015\/02\/Tauromaquia_8-800.png' data-target='_blank'><\/li>\r\n\t\t\t\t\t\t<li data-thumbnail-path='http:\/\/victorzamarripa.com\/sitio\/wp-content\/uploads\/2015\/01\/Tauromaquia_8-300.png'><\/li>\r\n\t\t\t\t\t\t<li data-thumbnail-text='' data-thumbnail-text-title-offset='35' data-thumbnail-text-offset-top='10' data-thumbnail-text-offset-bottom='7'><p style='text-align:center;font-size:12px !important;background:#000'>T\u00edtulo: La tarde de Linares<\/p>\r\n\t\t\t\t\t\t<\/li>\r\n\t\t\t\t\t\t<li data-info=''>\r\n\t\t\t\t\t\t<\/li>\r\n\t\t\t\t\t<\/ul><ul>\r\n\t\t\t\t\t\t<li data-type='media' data-url='http:\/\/victorzamarripa.com\/sitio\/wp-content\/uploads\/2015\/02\/Tauromaquia_9-800.png' data-target='_blank'><\/li>\r\n\t\t\t\t\t\t<li data-thumbnail-path='http:\/\/victorzamarripa.com\/sitio\/wp-content\/uploads\/2015\/01\/Tauromaquia_9-300.png'><\/li>\r\n\t\t\t\t\t\t<li data-thumbnail-text='' data-thumbnail-text-title-offset='35' data-thumbnail-text-offset-top='10' data-thumbnail-text-offset-bottom='7'><p style='text-align:center;font-size:12px !important;background:#000'>T\u00edtulo: Enredado y por abajo<\/p>\r\n\t\t\t\t\t\t<\/li>\r\n\t\t\t\t\t\t<li data-info=''>\r\n\t\t\t\t\t\t<\/li>\r\n\t\t\t\t\t<\/ul><ul>\r\n\t\t\t\t\t\t<li data-type='media' data-url='http:\/\/victorzamarripa.com\/sitio\/wp-content\/uploads\/2015\/02\/Tauromaquia_4-800.png' data-target='_blank'><\/li>\r\n\t\t\t\t\t\t<li data-thumbnail-path='http:\/\/victorzamarripa.com\/sitio\/wp-content\/uploads\/2015\/01\/Tauromaquia_4-300.png'><\/li>\r\n\t\t\t\t\t\t<li data-thumbnail-text='' data-thumbnail-text-title-offset='35' data-thumbnail-text-offset-top='10' data-thumbnail-text-offset-bottom='7'><p style='text-align:center;font-size:12px !important;background:#000'>T\u00edtulo: Rematando la serie<\/p>\r\n\t\t\t\t\t\t<\/li>\r\n\t\t\t\t\t\t<li data-info=''>\r\n\t\t\t\t\t\t<\/li>\r\n\t\t\t\t\t<\/ul><ul>\r\n\t\t\t\t\t\t<li data-type='media' data-url='http:\/\/victorzamarripa.com\/sitio\/wp-content\/uploads\/2015\/02\/Tauromaquia_13-800.png' data-target='_blank'><\/li>\r\n\t\t\t\t\t\t<li data-thumbnail-path='http:\/\/victorzamarripa.com\/sitio\/wp-content\/uploads\/2015\/01\/Tauromaquia_13-300.png'><\/li>\r\n\t\t\t\t\t\t<li data-thumbnail-text='' data-thumbnail-text-title-offset='35' data-thumbnail-text-offset-top='10' data-thumbnail-text-offset-bottom='7'><p style='text-align:center;font-size:12px !important;background:#000'>T\u00edtulo: Al natural<\/p>\r\n\t\t\t\t\t\t<\/li>\r\n\t\t\t\t\t\t<li data-info=''>\r\n\t\t\t\t\t\t<\/li>\r\n\t\t\t\t\t<\/ul><ul>\r\n\t\t\t\t\t\t<li data-type='media' data-url='http:\/\/victorzamarripa.com\/sitio\/wp-content\/uploads\/2015\/02\/Tauromaquia_3-800.png' data-target='_blank'><\/li>\r\n\t\t\t\t\t\t<li data-thumbnail-path='http:\/\/victorzamarripa.com\/sitio\/wp-content\/uploads\/2015\/01\/Tauromaquia_3-300.png'><\/li>\r\n\t\t\t\t\t\t<li data-thumbnail-text='' data-thumbnail-text-title-offset='35' data-thumbnail-text-offset-top='10' data-thumbnail-text-offset-bottom='7'><p style='text-align:center;font-size:12px !important;background:#000'>T\u00edtulo: Chicuelina<\/p>\r\n\t\t\t\t\t\t<\/li>\r\n\t\t\t\t\t\t<li data-info=''>\r\n\t\t\t\t\t\t<\/li>\r\n\t\t\t\t\t<\/ul><ul>\r\n\t\t\t\t\t\t<li data-type='media' data-url='http:\/\/victorzamarripa.com\/sitio\/wp-content\/uploads\/2015\/02\/Tauromaquia_14-800.png' data-target='_blank'><\/li>\r\n\t\t\t\t\t\t<li data-thumbnail-path='http:\/\/victorzamarripa.com\/sitio\/wp-content\/uploads\/2015\/01\/Tauromaquia_14-300.png'><\/li>\r\n\t\t\t\t\t\t<li data-thumbnail-text='' data-thumbnail-text-title-offset='35' data-thumbnail-text-offset-top='10' data-thumbnail-text-offset-bottom='7'><p style='text-align:center;font-size:12px !important;background:#000'>T\u00edtulo: Parando, templando y mandando<\/p>\r\n\t\t\t\t\t\t<\/li>\r\n\t\t\t\t\t\t<li data-info=''>\r\n\t\t\t\t\t\t<\/li>\r\n\t\t\t\t\t<\/ul><ul>\r\n\t\t\t\t\t\t<li data-type='media' data-url='http:\/\/victorzamarripa.com\/sitio\/wp-content\/uploads\/2015\/02\/Tauromaquia_7-800.png' data-target='_blank'><\/li>\r\n\t\t\t\t\t\t<li data-thumbnail-path='http:\/\/victorzamarripa.com\/sitio\/wp-content\/uploads\/2015\/01\/Tauromaquia_7-300.png'><\/li>\r\n\t\t\t\t\t\t<li data-thumbnail-text='' data-thumbnail-text-title-offset='35' data-thumbnail-text-offset-top='10' data-thumbnail-text-offset-bottom='7'><p style='text-align:center;font-size:12px !important;background:#000'>T\u00edtulo: Rejoneador<\/p>\r\n\t\t\t\t\t\t<\/li>\r\n\t\t\t\t\t\t<li data-info=''>\r\n\t\t\t\t\t\t<\/li>\r\n\t\t\t\t\t<\/ul><ul>\r\n\t\t\t\t\t\t<li data-type='media' data-url='http:\/\/victorzamarripa.com\/sitio\/wp-content\/uploads\/2015\/02\/Tauromaquia_10-800.png' data-target='_blank'><\/li>\r\n\t\t\t\t\t\t<li data-thumbnail-path='http:\/\/victorzamarripa.com\/sitio\/wp-content\/uploads\/2015\/01\/Tauromaquia_10-300.png'><\/li>\r\n\t\t\t\t\t\t<li data-thumbnail-text='' data-thumbnail-text-title-offset='35' data-thumbnail-text-offset-top='10' data-thumbnail-text-offset-bottom='7'><p style='text-align:center;font-size:12px !important;background:#000'>T\u00edtulo: El de trinchera<\/p>\r\n\t\t\t\t\t\t<\/li>\r\n\t\t\t\t\t\t<li data-info=''>\r\n\t\t\t\t\t\t<\/li>\r\n\t\t\t\t\t<\/ul><ul>\r\n\t\t\t\t\t\t<li data-type='media' data-url='http:\/\/victorzamarripa.com\/sitio\/wp-content\/uploads\/2015\/02\/Tauromaquia_2-800.png' data-target='_blank'><\/li>\r\n\t\t\t\t\t\t<li data-thumbnail-path='http:\/\/victorzamarripa.com\/sitio\/wp-content\/uploads\/2015\/01\/Tauromaquia_2-300.png'><\/li>\r\n\t\t\t\t\t\t<li data-thumbnail-text='' data-thumbnail-text-title-offset='35' data-thumbnail-text-offset-top='10' data-thumbnail-text-offset-bottom='7'><p style='text-align:center;font-size:12px !important;background:#000'>T\u00edtulo: Arturo Mac\u00edas<\/p>\r\n\t\t\t\t\t\t<\/li>\r\n\t\t\t\t\t\t<li data-info=''>\r\n\t\t\t\t\t\t<\/li>\r\n\t\t\t\t\t<\/ul><ul>\r\n\t\t\t\t\t\t<li data-type='media' data-url='http:\/\/victorzamarripa.com\/sitio\/wp-content\/uploads\/2015\/02\/Tauromaquia_15-800.png' data-target='_blank'><\/li>\r\n\t\t\t\t\t\t<li data-thumbnail-path='http:\/\/victorzamarripa.com\/sitio\/wp-content\/uploads\/2015\/01\/Tauromaquia_15-300.png'><\/li>\r\n\t\t\t\t\t\t<li data-thumbnail-text='' data-thumbnail-text-title-offset='35' data-thumbnail-text-offset-top='10' data-thumbnail-text-offset-bottom='7'><p style='text-align:center;font-size:12px !important;background:#000'>T\u00edtulo: Hasta la empu\u00f1adura<\/p>\r\n\t\t\t\t\t\t<\/li>\r\n\t\t\t\t\t\t<li data-info=''>\r\n\t\t\t\t\t\t<\/li>\r\n\t\t\t\t\t<\/ul><ul>\r\n\t\t\t\t\t\t<li data-type='media' data-url='http:\/\/victorzamarripa.com\/sitio\/wp-content\/uploads\/2015\/02\/Tauromaquia_16-800.png' data-target='_blank'><\/li>\r\n\t\t\t\t\t\t<li data-thumbnail-path='http:\/\/victorzamarripa.com\/sitio\/wp-content\/uploads\/2015\/01\/Tauromaquia_16-300.png'><\/li>\r\n\t\t\t\t\t\t<li data-thumbnail-text='' data-thumbnail-text-title-offset='35' data-thumbnail-text-offset-top='10' data-thumbnail-text-offset-bottom='7'><p style='text-align:center;font-size:12px !important;background:#000'>T\u00edtulo: Trincherazo<\/p>\r\n\t\t\t\t\t\t<\/li>\r\n\t\t\t\t\t\t<li data-info=''>\r\n\t\t\t\t\t\t<\/li>\r\n\t\t\t\t\t<\/ul><ul>\r\n\t\t\t\t\t\t<li data-type='media' data-url='http:\/\/victorzamarripa.com\/sitio\/wp-content\/uploads\/2015\/01\/MexicoEspana_14-800.png' data-target='_blank'><\/li>\r\n\t\t\t\t\t\t<li data-thumbnail-path='http:\/\/victorzamarripa.com\/sitio\/wp-content\/uploads\/2015\/01\/MexicoEspana_14-300.png'><\/li>\r\n\t\t\t\t\t\t<li data-thumbnail-text='' data-thumbnail-text-title-offset='35' data-thumbnail-text-offset-top='10' data-thumbnail-text-offset-bottom='7'><p style='text-align:center;font-size:12px !important;background:#000'>T\u00edtulo: Brincando la cerca<\/p>\r\n\t\t\t\t\t\t<\/li>\r\n\t\t\t\t\t\t<li data-info=''>\r\n\t\t\t\t\t\t<\/li>\r\n\t\t\t\t\t<\/ul><ul>\r\n\t\t\t\t\t\t<li data-type='media' data-url='http:\/\/victorzamarripa.com\/sitio\/wp-content\/uploads\/2015\/02\/MexicoEspana_16-800.png' data-target='_blank'><\/li>\r\n\t\t\t\t\t\t<li data-thumbnail-path='http:\/\/victorzamarripa.com\/sitio\/wp-content\/uploads\/2015\/01\/MexicoEspana_16-300.png'><\/li>\r\n\t\t\t\t\t\t<li data-thumbnail-text='' data-thumbnail-text-title-offset='35' data-thumbnail-text-offset-top='10' data-thumbnail-text-offset-bottom='7'><p style='text-align:center;font-size:12px !important;background:#000'>T\u00edtulo: La Algarab\u00eda de la fiesta de San Marcos<\/p>\r\n\t\t\t\t\t\t<\/li>\r\n\t\t\t\t\t\t<li data-info=''>\r\n\t\t\t\t\t\t<\/li>\r\n\t\t\t\t\t<\/ul><ul>\r\n\t\t\t\t\t\t<li data-type='media' data-url='http:\/\/victorzamarripa.com\/sitio\/wp-content\/uploads\/2015\/02\/Toros_25.jpg' data-target='_blank'><\/li>\r\n\t\t\t\t\t\t<li data-thumbnail-path='http:\/\/victorzamarripa.com\/sitio\/wp-content\/uploads\/2015\/02\/Toros_25_300.jpg'><\/li>\r\n\t\t\t\t\t\t<li data-thumbnail-text='' data-thumbnail-text-title-offset='35' data-thumbnail-text-offset-top='10' data-thumbnail-text-offset-bottom='7'><p style='text-align:center;font-size:12px !important;background:#000'>T\u00edtulo: Tauromaquia<\/p>\r\n\t\t\t\t\t\t<\/li>\r\n\t\t\t\t\t\t<li data-info=''>\r\n\t\t\t\t\t\t<\/li>\r\n\t\t\t\t\t<\/ul><ul>\r\n\t\t\t\t\t\t<li data-type='media' data-url='http:\/\/victorzamarripa.com\/sitio\/wp-content\/uploads\/2015\/02\/Toros_26.jpg' data-target='_blank'><\/li>\r\n\t\t\t\t\t\t<li data-thumbnail-path='http:\/\/victorzamarripa.com\/sitio\/wp-content\/uploads\/2015\/02\/Toros_26_300.jpg'><\/li>\r\n\t\t\t\t\t\t<li data-thumbnail-text='' data-thumbnail-text-title-offset='35' data-thumbnail-text-offset-top='10' data-thumbnail-text-offset-bottom='7'><p style='text-align:center;font-size:12px !important;background:#000'>T\u00edtulo: Encierro<\/p>\r\n\t\t\t\t\t\t<\/li>\r\n\t\t\t\t\t\t<li data-info=''>\r\n\t\t\t\t\t\t<\/li>\r\n\t\t\t\t\t<\/ul><\/ul><\/ul><\/p>\n<div class=\"homebut\" style=\"text-align: center;\"><a href=\"..\/\" class=\"button\" style=\"color:white !important; background:transparent !important;\"><i class=\"fa fa-home\" style=\"font-size:30px;\"><\/i><br \/> Ir a inicio<\/a><\/div>\n<style>\n#page_caption h1{font-family: 'Oswald', sans-serif !important;}\n#nuevomenu{display:none;}\n<\/style>\n","protected":false},"excerpt":{"rendered":"<p>Ir a inicio<\/p>\n","protected":false},"author":1,"featured_media":0,"parent":0,"menu_order":0,"comment_status":"open","ping_status":"closed","template":"","meta":{"footnotes":""},"class_list":["post-672","page","type-page","status-publish","hentry"],"_links":{"self":[{"href":"http:\/\/victorzamarripa.com\/sitio\/wp-json\/wp\/v2\/pages\/672"}],"collection":[{"href":"http:\/\/victorzamarripa.com\/sitio\/wp-json\/wp\/v2\/pages"}],"about":[{"href":"http:\/\/victorzamarripa.com\/sitio\/wp-json\/wp\/v2\/types\/page"}],"author":[{"embeddable":true,"href":"http:\/\/victorzamarripa.com\/sitio\/wp-json\/wp\/v2\/users\/1"}],"replies":[{"embeddable":true,"href":"http:\/\/victorzamarripa.com\/sitio\/wp-json\/wp\/v2\/comments?post=672"}],"version-history":[{"count":4,"href":"http:\/\/victorzamarripa.com\/sitio\/wp-json\/wp\/v2\/pages\/672\/revisions"}],"predecessor-version":[{"id":977,"href":"http:\/\/victorzamarripa.com\/sitio\/wp-json\/wp\/v2\/pages\/672\/revisions\/977"}],"wp:attachment":[{"href":"http:\/\/victorzamarripa.com\/sitio\/wp-json\/wp\/v2\/media?parent=672"}],"curies":[{"name":"wp","href":"https:\/\/api.w.org\/{rel}","templated":true}]}}